{"id":20,"date":"2025-03-14T22:44:18","date_gmt":"2025-03-14T21:44:18","guid":{"rendered":"http:\/\/www.musikkapelle-spay.de\/wordpress\/?page_id=20"},"modified":"2025-04-09T21:43:05","modified_gmt":"2025-04-09T19:43:05","slug":"wir-uber-uns","status":"publish","type":"page","link":"https:\/\/www.musikkapelle-spay.de\/wordpress\/wir-uber-uns\/","title":{"rendered":"Impressum\/Datenschutz"},"content":{"rendered":"<h2><span style=\"text-decoration: underline;\">Impressum:<\/span><\/h2>\n<p style=\"text-align: justify;\">1. Vorsitzende:<\/p>\n<p>Nina Heil<\/p>\n<p>Mainzer Stra\u00dfe 74<\/p>\n<p>56322 Spay<\/p>\n<p>Tel. 02628\/<span class=\"nr\"><span data-nosnippet=\"\">37 77<\/span><\/span><\/p>\n<p style=\"text-align: justify;\">Email: erste-vorsitzende@musikkapelle-spay.de<\/p>\n<p>&nbsp;<\/p>\n<p style=\"text-align: justify;\">2. Vorsitzender:<\/p>\n<p style=\"text-align: justify;\">Hendrik Hinz<\/p>\n<p style=\"text-align: justify;\">In der Flogt 23<\/p>\n<p style=\"text-align: justify;\">56322 Spay<\/p>\n<p style=\"text-align: justify;\">Tel.: 02628\/<span class=\"nr\">7 25 55 61<\/span><\/p>\n<p style=\"text-align: justify;\">Email:\u00a0 <img loading=\"lazy\" decoding=\"async\" class=\"alignnone size-medium wp-image-116534\" src=\"https:\/\/www.musikkapelle-spay.de\/wordpress\/wp-content\/uploads\/2011\/03\/zv-300x30.jpg\" alt=\"zv\" width=\"300\" height=\"30\" srcset=\"https:\/\/www.musikkapelle-spay.de\/wordpress\/wp-content\/uploads\/2011\/03\/zv-300x30.jpg 300w, https:\/\/www.musikkapelle-spay.de\/wordpress\/wp-content\/uploads\/2011\/03\/zv-150x15.jpg 150w, https:\/\/www.musikkapelle-spay.de\/wordpress\/wp-content\/uploads\/2011\/03\/zv.jpg 320w\" sizes=\"auto, (max-width: 300px) 100vw, 300px\" \/><\/p>\n<p style=\"text-align: justify;\">Bankverbindung: Volksbank Rhein-Nahe-Hunsr\u00fcck eG, Kto.-Nr. 3917025, BLZ 56090000<\/p>\n<p style=\"text-align: justify;\">F\u00fcr die Inhalte und die Gestaltung der Homepage ist der Verein verantwortlich.<\/p>\n<p style=\"text-align: justify;\">Webmaster: Martin Reif<\/p>\n<p style=\"text-align: justify;\">Jede Anregung zur Verbesserung und Erweiterung unserer Internetseite ist gerne willkommen.<\/p>\n<p style=\"text-align: justify;\">Vorschl\u00e4ge und Kritik:<\/p>\n<p style=\"text-align: justify;\">Email:\u00a0\u00a0 <img loading=\"lazy\" decoding=\"async\" class=\"alignnone size-medium wp-image-116537\" src=\"https:\/\/www.musikkapelle-spay.de\/wordpress\/wp-content\/uploads\/2011\/03\/wm-300x30.jpg\" alt=\"wm\" width=\"300\" height=\"30\" srcset=\"https:\/\/www.musikkapelle-spay.de\/wordpress\/wp-content\/uploads\/2011\/03\/wm-300x30.jpg 300w, https:\/\/www.musikkapelle-spay.de\/wordpress\/wp-content\/uploads\/2011\/03\/wm-150x15.jpg 150w, https:\/\/www.musikkapelle-spay.de\/wordpress\/wp-content\/uploads\/2011\/03\/wm.jpg 320w\" sizes=\"auto, (max-width: 300px) 100vw, 300px\" \/><\/p>\n<p style=\"text-align: justify;\">Haftungsausschluss:<\/p>\n<p style=\"text-align: justify;\">Die Musikkapelle der Freiwilligen Feuerwehr Spay e.V. erstellt die Informationen auf ihrer Homepage mit gr\u00f6\u00dfter Sorgfalt und ist darum bem\u00fcht, Aktualit\u00e4t und Richtigkeit sicher zu stellen. Alle Inhalte sind zur allgemeinen Information bestimmt und stellen keine rechtliche oder sonstige Beratungsdienstleistung dar.<\/p>\n<p style=\"text-align: justify;\">Der Verein \u00fcbernimmt keine Gew\u00e4hr und haftet nicht f\u00fcr etwaige Sch\u00e4den ganz gleich welcher Art, die durch Nutzung dieses Dienstes verursacht werden, soweit sie nicht nachweislich durch Vorsatz oder grobe Fahrl\u00e4ssigkeit verschuldet sind. Dies gilt insbesondere f\u00fcr die zum Herunterladen hinterlegten Dateien.<\/p>\n<p style=\"text-align: justify;\">Die auf der Homepage ver\u00f6ffentlichten Hinweise sind sorgf\u00e4ltig zusammengestellt, erheben aber keinen Anspruch auf Vollst\u00e4ndigkeit. Soweit Gesetze oder Vorschriften erw\u00e4hnt werden ist rechtsverbindlich jeweils nur die aktuelle Fassung, die in den einschl\u00e4gigen Organen bekannt gemacht wird.<\/p>\n<p style=\"text-align: justify;\">Von dieser Internetseite aus wird auf zahlreiche andere Angebote im Internet verwiesen (\u201dverlinkt\u201d). Die Inhalte der verlinkten Seiten sind von Institutionen gestaltet, auf die der Verein keinen Einfluss hat; er macht sich die dort aufgef\u00fchrten Inhalte nicht zu eigen. F\u00fcr die Angebote Dritter wird keinerlei Haftung \u00fcbernommen.<\/p>\n<p style=\"text-align: justify;\">Sollten Sie auf dieser Homepage oder auf solchen Seiten, auf die verwiesen wird, bedenkliche oder rechtswidrige Inhalte feststellen, sind wir f\u00fcr einen entsprechenden Hinweis dankbar, werden ihm nachgehen und werden, sofern n\u00f6tig, die Verlinkung schnellstm\u00f6glich entfernen.<\/p>\n<p style=\"text-align: justify;\">Copyright<br \/>\nDie Urheber- und Nutzungsrechte (Copyright) f\u00fcr Texte, Grafiken, Bilder liegen bei der Musikkapelle der Freiwilligen Feuerwehr Spay e.V. oder Dritten. Die nicht-kommerzielle Erstellung, Verwendung und Weitergabe von Kopien in elektronischer oder ausgedruckter Form sind erlaubt, wenn der Inhalt unver\u00e4ndert bleibt, die Quelle angegeben wird (Musikkapelle der Freiwilligen Feuerwehr Spay e.V.) und keine Rechte Dritter betroffen sind.<\/p>\n<h2 style=\"text-align: justify;\"><span style=\"text-decoration: underline;\">Datenschutz<\/span><\/h2>\n<p style=\"text-align: justify;\">Datenschutzerkl\u00e4rung zur Nutzung dieser Website:<\/p>\n<p style=\"text-align: justify;\"><strong>Datenschutz<br \/>\n<\/strong><br \/>\nDie Musikkapelle der Frw. Fw. Spay e.V. nimmt den Schutz Ihrer pers\u00f6nlichen Daten sehr ernst. Wir behandeln Ihre personenbezogenen Daten vertraulich und entsprechend der gesetzlichen Datenschutzvorschriften sowie dieser Datenschutzerkl\u00e4rung.<\/p>\n<p>Die Nutzung unserer Website ist in der Regel ohne Angabe personenbezogener Daten m\u00f6glich. Soweit auf unseren Seiten personenbezogene Daten (beispielsweise Name, Anschrift oder E-Mail-Adressen) erhoben werden, erfolgt dies, soweit m\u00f6glich, stets auf freiwilliger Basis. Diese Daten werden ohne Ihre ausdr\u00fcckliche Zustimmung nicht an Dritte weitergegeben.<\/p>\n<p style=\"text-align: justify;\">Wir weisen darauf hin, dass die Daten\u00fcbertragung im Internet (z.B. bei der Kommunikation per E-Mail) Sicherheitsl\u00fccken aufweisen kann. Ein l\u00fcckenloser Schutz der Daten vor dem Zugriff durch Dritte ist nicht m\u00f6glich.<\/p>\n<p style=\"text-align: justify;\">Alle Mitglieder werden \u00fcber die Datenverarbeitung im Verein in einem Schreiben zus\u00e4tzlich informiert.<\/p>\n<p><strong>Server-Log-Files <\/strong><\/p>\n<p style=\"text-align: justify;\">Der Provider der Seiten erhebt und speichert automatisch Informationen in so genannten Server-Log Files, die Ihr Browser automatisch an uns \u00fcbermittelt. Dies sind:<br \/>\n\u2022 Browsertyp und Browserversion<br \/>\n\u2022 verwendetes Betriebssystem<br \/>\n\u2022 Referrer URL<br \/>\n\u2022 Hostname des zugreifenden Rechners (IP-Adresse)<br \/>\n\u2022 Uhrzeit der Serveranfrage<br \/>\nDiese Daten sind nicht einer bestimmten Person zuordenbar. Eine Zusammenf\u00fchrung dieser Daten mit anderen Datenquellen wird nicht vorgenommen. Wir behalten uns vor, diese Daten nachtr\u00e4glich zu pr\u00fcfen, wenn uns konkrete Anhaltspunkte f\u00fcr eine rechtswidrige Nutzung bekannt werden.<\/p>\n<p><strong>Recht auf Auskunft, L\u00f6schung, Sperrung<\/strong><br \/>\nSie haben jederzeit das Recht auf unentgeltliche Auskunft \u00fcber Ihre gespeicherten personenbezogenen Daten, deren Herkunft und Empf\u00e4nger und den Zweck der Datenverarbeitung sowie ein Recht auf Berichtigung, Sperrung oder L\u00f6schung dieser Daten. Hierzu sowie zu weiteren Fragen zum Thema personenbezogene Daten k\u00f6nnen Sie sich jederzeit unter der im Impressum angegebenen Adresse an uns wenden.<\/p>\n<p>Quelle: e-recht24.de<\/p>\n<h3>Hinweise zur Datenverarbeitung in unserem Verein, Musikkapelle der Frw. Fw. Spay e.V. gem\u00e4\u00df der Datenschutzgrundverordnung:<\/h3>\n<p style=\"text-align: justify;\">Datenschutz bei der Musikkapelle der Frw. Fw. Spay e.V.<\/p>\n<p style=\"text-align: justify;\">am 25.05.2018 trat die neue Datenschutzgrundverordnung (DSGVO) in Kraft.<br \/>\nDa wir als Verein personenbezogene Daten elektronisch verarbeiten, sind auch wir an die Einhaltung dieser Vorgaben gebunden.<\/p>\n<p style=\"text-align: justify;\">Die von der Musikkapelle der Frw. Fw. Spay e.V. erhobenen, personenbezogenen Daten beschr\u00e4nken sich auf das Mindestma\u00df zur Durchf\u00fchrung der Mitgliederverwaltung (z.B. Einladungen zu Versammlungen, Einzug des Mitgliedsbeitrages, Organisation der Ausbildung, Fortbildung, des Proben- und Auftrittsbetriebes und Gratulationen)<\/p>\n<p style=\"text-align: justify;\">Diese Daten erhalten wir \u00fcber das Antragsformular der Mitgliedschaft (teilw. freiwillige Angaben)<\/p>\n<p style=\"text-align: justify;\">Vorname, Nachname<br \/>\nStra\u00dfe, Haus-Nr., PLZ, Ort, Email-Adresse, Telefonnummer<br \/>\nGeburtsdatum, Hochzeitsdatum<br \/>\nIBAN, BIC, Bank<\/p>\n<p style=\"text-align: justify;\">Diese Daten werden f\u00fcr die Dauer der Mitgliedschaft auf einem \u201elokalen\u201c Rechner gespeichert (d.h.: nicht im Internet, keine Cloud-Nutzung)<br \/>\nF\u00fcr die Weitergabe personenbezogener Daten an Dritte ist die jeweilige Einverst\u00e4ndniserkl\u00e4rung des jeweiligen Mitglieds erforderlich. Dies betrifft zum einen die Bankdaten f\u00fcr das Lastschriftverfahren und zum anderen die Meldungen an den Kreismusikverband Mayen-Koblenz und den Landesmusikverband Rheinland-Pfalz.<\/p>\n<p style=\"text-align: justify;\">Bankdaten werden nur zum Zweck des Bankeinzugs mittels moderner Internet-Technik verschl\u00fcsselt an die Bank \u00fcbermittelt und ausschlie\u00dflich zweckgebunden genutzt. Dadurch werden Ihre Daten auf dem \u00dcbertragungsweg vor Manipulationen und dem unbefugten Zugriff Dritter gesch\u00fctzt.<br \/>\nKontaktdaten werden ausschlie\u00dflich zu Vereinszwecken durch die Musikkapelle der Frw. Fw. Spay e.V. genutzt und hierf\u00fcr auch an andere Vereinsmitglieder weitergegeben.<\/p>\n<p style=\"text-align: justify;\">Personenbezogene Daten der aktiven Mitglieder werden an die f\u00fcr die Ausbildung zust\u00e4ndigen Musikschulen, Musiklehrer und f\u00fcr Fortbildungen dem Kreismusikverband Mayen-Koblenz und dem Landesmusikverband Rheinland-Pfalz weitergegeben.<\/p>\n<p style=\"text-align: justify;\">Im Zuge der Berichterstattung \u00fcber die Aktivit\u00e4ten des Vereins werden personenbezogene Daten (einschlie\u00dflich Bildern von Teilnehmern einer Veranstaltung) im Internet, den Printmedien oder TV ver\u00f6ffentlicht.<\/p>\n<p style=\"text-align: justify;\">Dies geschieht im Rahmen der \u00d6ffentlichkeitsarbeit und dient somit zur Wahrung berechtigter Interessen des Vereins.<\/p>\n<p style=\"text-align: justify;\">Mit der Beendigung der Mitgliedschaft werden die Datenkategorien gem\u00e4\u00df der gesetzlichen Aufbewahrungsfristen weitere zehn Jahre vorgehalten und dann gel\u00f6scht. In der Zeit zwischen Beendigung der Mitgliedschaft und der L\u00f6schung wird die Verarbeitung der Daten eingeschr\u00e4nkt.<br \/>\nBestimmte Datenkategorien werden zum Zweck der Vereinschronik im Vereinsarchiv gespeichert.<br \/>\nHierbei handelt es sich um die Kategorien Vorname, Name, Eintritts- und Austrittsdatum, Zugeh\u00f6rigkeit zum Verein aktiv\/inaktiv, besondere musikalische Erfolge und Ereignisse, Ausbildung, Fort- und Weiterbildung, T\u00e4tigkeit im Vorstand, an denen die betroffene Person mitgewirkt hat. Der Speicherung liegt ein berechtigtes Interesse des Vereins an der zeitgeschichtlichen Dokumentation von musikalischen Ereignissen und der Zusammensetzung des Orchesters bzw. des Vorstandes zugrunde. Alle Daten der \u00fcbrigen Kategorien (z.B. Bankdaten, Anschrift, Kontaktdaten) werden mit der Beendigung der Mitgliedschaft gel\u00f6scht.<\/p>\n<p style=\"text-align: justify;\">Die Musikkapelle der Frw. Fw. Spay e.V. hat die Pflicht, jedem Mitglied die f\u00fcr ihn\/sie gespeicherten Information auf Verlangen mitzuteilen.<\/p>\n<p style=\"text-align: justify;\">Mitglieder, die mit der Ver\u00f6ffentlichung Ihrer Daten bzw. der o. g, zweckgebundenen Weitergabe nicht einverstanden sind, haben die M\u00f6glichkeit, schriftlich Widerspruch einzulegen.<\/p>\n<p style=\"text-align: justify;\">Der Widerruf ist zu richten an<\/p>\n<p style=\"text-align: justify;\">Musikkapelle der Frw. Fw. Spay e.V.<\/p>\n<p>1. Vorsitzende:<\/p>\n<p>Nina Heil<\/p>\n<p>Mainzer Stra\u00dfe 74<\/p>\n<p>56322 Spay<\/p>\n<p>Tel. 02628\/<span class=\"nr\"><span data-nosnippet=\"\">37 77<\/span><\/span><\/p>\n<p>&nbsp;<\/p>\n<p>&nbsp;<\/p>\n<p style=\"text-align: justify;\">Ziel dieses Schreibens ist die Aufkl\u00e4rung \u00fcber den Umgang mit personenbezogenen Daten in unserem Verein. Wir hoffen, dass wir mit diesem Schreiben grundlegende Sachverhalte ausreichend darstellen konnten.<\/p>\n<p style=\"text-align: justify;\">F\u00fcr weitere Fragen wenden Sie sich bitte an den Vorstand.<\/p>\n","protected":false},"excerpt":{"rendered":"<p>Impressum: 1. Vorsitzende: Nina Heil Mainzer Stra\u00dfe 74 56322 Spay Tel. 02628\/37 77 Email: erste-vorsitzende@musikkapelle-spay.de &nbsp; 2. Vorsitzender: Hendrik Hinz In der Flogt 23 56322 Spay Tel.: 02628\/7 25 55 61 Email:\u00a0 Bankverbindung: Volksbank&#46;&#46;&#46;<\/p>\n","protected":false},"author":2,"featured_media":0,"parent":0,"menu_order":999,"comment_status":"closed","ping_status":"closed","template":"","meta":{"footnotes":""},"class_list":["post-20","page","type-page","status-publish","hentry"],"_links":{"self":[{"href":"https:\/\/www.musikkapelle-spay.de\/wordpress\/wp-json\/wp\/v2\/pages\/20","targetHints":{"allow":["GET"]}}],"collection":[{"href":"https:\/\/www.musikkapelle-spay.de\/wordpress\/wp-json\/wp\/v2\/pages"}],"about":[{"href":"https:\/\/www.musikkapelle-spay.de\/wordpress\/wp-json\/wp\/v2\/types\/page"}],"author":[{"embeddable":true,"href":"https:\/\/www.musikkapelle-spay.de\/wordpress\/wp-json\/wp\/v2\/users\/2"}],"replies":[{"embeddable":true,"href":"https:\/\/www.musikkapelle-spay.de\/wordpress\/wp-json\/wp\/v2\/comments?post=20"}],"version-history":[{"count":30,"href":"https:\/\/www.musikkapelle-spay.de\/wordpress\/wp-json\/wp\/v2\/pages\/20\/revisions"}],"predecessor-version":[{"id":137694,"href":"https:\/\/www.musikkapelle-spay.de\/wordpress\/wp-json\/wp\/v2\/pages\/20\/revisions\/137694"}],"wp:attachment":[{"href":"https:\/\/www.musikkapelle-spay.de\/wordpress\/wp-json\/wp\/v2\/media?parent=20"}],"curies":[{"name":"wp","href":"https:\/\/api.w.org\/{rel}","templated":true}]}}