{"id":302,"date":"2011-03-27T22:31:54","date_gmt":"2011-03-27T22:31:54","guid":{"rendered":"http:\/\/www.musikkapelle-spay.de\/wordpress\/?page_id=302"},"modified":"2011-03-28T17:50:45","modified_gmt":"2011-03-28T17:50:45","slug":"1960-1969","status":"publish","type":"page","link":"https:\/\/www.musikkapelle-spay.de\/wordpress\/wir-uber-uns-2\/chronik\/1960-1969\/","title":{"rendered":"1960-1969"},"content":{"rendered":"<h4>1960<\/h4>\n<p>18. Februar:<\/p>\n<p>Gr\u00fcndungsversammlung, Hotel Alter Posthof, 20 Mitglieder, 1. Vorsitzender und<\/p>\n<p>Ausbilder Johann Staaden<\/p>\n<p>24. Februar:<\/p>\n<p>13 Jugendliche bewerben sich als Auszubildende<\/p>\n<p>16. Juni:<\/p>\n<p>1. \u00f6ffentlicher Auftritt bei der Fronleichnamsprozession<\/p>\n<p>August:<\/p>\n<p>Kirmes in Oberspay<\/p>\n<p>30. September:<\/p>\n<p>Johann Staaden gr\u00fcndet den Jugendspielmannszug, die Ausbildung der Trommler und Stabf\u00fchrung obliegt Josef Schmidt<\/p>\n<p>18. Dezember:<\/p>\n<p>Die Feuerwehrkapelle Oberspay ist Gr\u00fcndungsmitglied des Kreismusikverbandes St. Goar<\/p>\n<h4>1961<\/h4>\n<p>3. Februar:<\/p>\n<p>Die Probe wird auf Freitag im Hotel Alter Posthof verlegt, bisher war die Probe sonntags in der Gastst\u00e4tte Bullinger<\/p>\n<p>25. M\u00e4rz:<\/p>\n<p>Willi Dennert wird zum 1. Vorsitzenden gew\u00e4hlt<\/p>\n<p>21. April:<\/p>\n<p>Der Gemeinderat Oberspay beschlie\u00dft, den Schulgarten zur Errichtung eines Ausbildungsraumes in Gr\u00f6\u00dfe von 6x10m zu Verf\u00fcgung zu stellen, und gew\u00e4hrt einen Baukostenzuschuss in H\u00f6he von DM 1.000,-<\/p>\n<p>1. September:<\/p>\n<p>Es wird zum 1. Mal im Musikh\u00e4uschen geprobt<\/p>\n<p>26. Dezember:<\/p>\n<p>Johann Staaden wird auf der Weihnachtsfeier zum Ehrendirigenten ernannt<\/p>\n<h4>1962<\/h4>\n<p>18. Mai:<\/p>\n<p>1. Probe mit Willi Schmidt, einem jungen Organisten und Dirigenten aus Koblenz<\/p>\n<h4>1963<\/h4>\n<p>28. Juli:<\/p>\n<p>1. gemeinsames Waldfest mit der KG Spayer Boxel\u00f6fter<\/p>\n<p>August:<\/p>\n<p>Die Oberspayer Kirmes wird erstmals in einem Festzelt gefeiert, Organisation durch die Feuerwehr und Musikkapelle, den Kirmesmontagfr\u00fchschoppen im Alten Posthof gestalten der MGV Liederkranz und die Musikkapelle gemeinsam<\/p>\n<h4>1965<\/h4>\n<p>30. Mai:<\/p>\n<p>Kleiner Musikwettstreit auf der Katz bei Ehr mit dem Musikverein D\u00f6rth<\/p>\n<h4>1966<\/h4>\n<p>Februar:<\/p>\n<p>Erste Teilnahme beim Rosenmontagszug in Koblenz<\/p>\n<p>18. Mai:<\/p>\n<p>Die 1. neue Uniform, ein dunkelblauer Zweireiher mit wei\u00dfer Schirmm\u00fctze und dunkelroter Krawatte, selbst finanziert, erfreut die Musiker und die Dorfbewohner<\/p>\n<p>Erste Mitwirkung bei der B\u00e4lzer Kirmes in Boppard am Pfingstfest<\/p>\n<h4>1967<\/h4>\n<p>14. Januar:<\/p>\n<p>Alfred Kapellen wird zum neuen 1. Vorsitzenden gew\u00e4hlt<\/p>\n<h4>1968<\/h4>\n<p>20. Januar:<\/p>\n<p>Die Satzung wird ge\u00e4ndert, damit auch Ausw\u00e4rtige (Niederspayer) Mitglied werden k\u00f6nnen<\/p>\n<h4>1969<\/h4>\n<p>1. M\u00e4rz:<\/p>\n<p>Beschluss \u00fcber Eintragung ins Vereinsregister, der Vereinsname lautet nun:<\/p>\n<p>MUSIKKAPELLE DER FFW SPAY E.V.<\/p>\n","protected":false},"excerpt":{"rendered":"<p>1960 18. Februar: Gr\u00fcndungsversammlung, Hotel Alter Posthof, 20 Mitglieder, 1. Vorsitzender und Ausbilder Johann Staaden 24. Februar: 13 Jugendliche bewerben sich als Auszubildende 16. Juni: 1. \u00f6ffentlicher Auftritt bei der Fronleichnamsprozession August: Kirmes in&#46;&#46;&#46;<\/p>\n","protected":false},"author":2,"featured_media":0,"parent":118,"menu_order":1960,"comment_status":"closed","ping_status":"closed","template":"","meta":{"footnotes":""},"class_list":["post-302","page","type-page","status-publish","hentry"],"_links":{"self":[{"href":"https:\/\/www.musikkapelle-spay.de\/wordpress\/wp-json\/wp\/v2\/pages\/302","targetHints":{"allow":["GET"]}}],"collection":[{"href":"https:\/\/www.musikkapelle-spay.de\/wordpress\/wp-json\/wp\/v2\/pages"}],"about":[{"href":"https:\/\/www.musikkapelle-spay.de\/wordpress\/wp-json\/wp\/v2\/types\/page"}],"author":[{"embeddable":true,"href":"https:\/\/www.musikkapelle-spay.de\/wordpress\/wp-json\/wp\/v2\/users\/2"}],"replies":[{"embeddable":true,"href":"https:\/\/www.musikkapelle-spay.de\/wordpress\/wp-json\/wp\/v2\/comments?post=302"}],"version-history":[{"count":3,"href":"https:\/\/www.musikkapelle-spay.de\/wordpress\/wp-json\/wp\/v2\/pages\/302\/revisions"}],"predecessor-version":[{"id":321,"href":"https:\/\/www.musikkapelle-spay.de\/wordpress\/wp-json\/wp\/v2\/pages\/302\/revisions\/321"}],"up":[{"embeddable":true,"href":"https:\/\/www.musikkapelle-spay.de\/wordpress\/wp-json\/wp\/v2\/pages\/118"}],"wp:attachment":[{"href":"https:\/\/www.musikkapelle-spay.de\/wordpress\/wp-json\/wp\/v2\/media?parent=302"}],"curies":[{"name":"wp","href":"https:\/\/api.w.org\/{rel}","templated":true}]}}