{"id":325,"date":"2011-03-28T18:15:03","date_gmt":"2011-03-28T18:15:03","guid":{"rendered":"http:\/\/www.musikkapelle-spay.de\/wordpress\/?page_id=325"},"modified":"2011-03-28T18:26:35","modified_gmt":"2011-03-28T18:26:35","slug":"1990-1999","status":"publish","type":"page","link":"https:\/\/www.musikkapelle-spay.de\/wordpress\/wir-uber-uns-2\/chronik\/1990-1999\/","title":{"rendered":"1990-1999"},"content":{"rendered":"<h4>1990<\/h4>\n<p>1.-3. Juni:<\/p>\n<p>30-j\u00e4hriges Vereinsjubil\u00e4um in der Dorfhalle, Freitag: Festkommers mit den Ch\u00f6ren von Spay und Koblenz-Karthause, Samstag: Konzert mit der Union Musicale, Gro\u00dfer Zapfenstreich mit dem SZ Boppard zur Verabschiedung von Willi Schmidt.<\/p>\n<p>8. August:<\/p>\n<p>1. offizielle Probe mit dem neuen Dirigenten Heinz Schulte vom HMK 300 in Koblenz.<\/p>\n<p>1. September:<\/p>\n<p>Jugendzeltlager am Pfaffenw\u00e4ldchen in Rhens<\/p>\n<p>7. Oktober:<\/p>\n<p>Feier zur Wiedervereinigung Deutschlands an der Grundschule Spay musikalisch gestaltet.<\/p>\n<h4>1991<\/h4>\n<p>23. Februar:<\/p>\n<p>Auf der Jahreshauptversammlung wird Michael Nickenig zum 1. Vorsitzenden gew\u00e4hlt.<\/p>\n<p>9. M\u00e4rz:<\/p>\n<p>Antrag auf Renovierung und Erweiterung des Musikh\u00e4uschen bei der Gemeinde eingereicht.<\/p>\n<p>16.-19. August:<\/p>\n<p>Die Oberd\u00f6rfer Kirmes wird neu gestaltet, Freitag: Platzkonzert und Baumaufspielen auf dem Dorfplatz, Samstag:<\/p>\n<p>Wunschtanzparty mit dem RPR &#8211; Moderator Michael Ellermann und der Band \u201eTake Seven\u201c<\/p>\n<p>in der Dorfhalle, Sonntag: Tag der Blasmusik in der Dorfhalle, Montag: Traditioneller Fr\u00fchschoppen<\/p>\n<p>im Alten Posthof.<\/p>\n<p>19. Oktober:<\/p>\n<p>Herbstkonzert in der Dorfhalle mit dem neuen Dirigenten Heinz Schulte.<\/p>\n<h4>1992<\/h4>\n<p>20. Juni:<\/p>\n<p>Erlebnisfahrt der Jugendlichen zum Panoramapark im Sauerland.<\/p>\n<p>17.-19. Juli:<\/p>\n<p>1. Orchesterwochenende in Kirrweiler\/Pfalz, Samstagabend Platzkonzert beim Weinfest in Maikammer, Sonntagmittag Festzug in Berghausen, bei 32 Grad im Schatten<\/p>\n<p>August:<\/p>\n<p>die Kirmes, der Samstagabend, Tanzparty mit der Band \u201eTake Seven\u201c in der Dorfhalle, war<\/p>\n<p>ein riesiger Flop<\/p>\n<h4>1993<\/h4>\n<p>21. M\u00e4rz:<\/p>\n<p>4. Fr\u00fchjahrskonzert, erstmals in der Dorfhalle.<\/p>\n<p>28. Mai &#8211; 1. Juni:<\/p>\n<p>Fahrt nach Frankreich zum 15-j\u00e4hrigen Jubil\u00e4um der Union Musicale de Spay sur Sarthe.<\/p>\n<p>27. Juni:<\/p>\n<p>Beim 2. \u201eTal Total\u201c beteiligen wir uns durch Platzkonzert und Imbiss-Getr\u00e4nkestand.<\/p>\n<p>13.-17. August:<\/p>\n<p>Rhein in Flammen und Kirmes werden von der Musikkapelle ausgerichtet.<\/p>\n<p>3.-5. September:<\/p>\n<p>Jugendzeltlager in Norath<\/p>\n<h4>1994<\/h4>\n<p>Februar:<\/p>\n<p>Beim Fastnachtsumzug in Spay treten wir erstmals mit den neuen Clownkost\u00fcmen auf.<\/p>\n<p>Am Rosenmontag spielen wir erstmals in Bendorf.<\/p>\n<p>23. April:<\/p>\n<p>Helfertour mit Rittermahl auf der Ehrenburg.<\/p>\n<p>19.-22. August:<\/p>\n<p>Die Oberd\u00f6rfer Kirmes wird wieder an allen Tagen auf dem Dorfplatz durchgef\u00fchrt. Erstmalig wird auch eine Eierkrone den Festplatz schm\u00fccken. (Bild unten links)<\/p>\n<p>16.-18. September:<\/p>\n<p>Jugendzeltlager in Buchholz<\/p>\n<p>18.-20. November:<\/p>\n<p>2. Orchesterwochenende in der Jugendherberge Montabaur, erstmals mit 5 externen Fachdozenten. (Bild unten rechts)<\/p>\n<h4>1995<\/h4>\n<p>5. August:<\/p>\n<p>1. Auftritt mit neuen Kurzarmhemden ohne Krawatte in Boppard<\/p>\n<p>25. August:<\/p>\n<p>Das B\u00fcrgerbegehren \u201eErhaltung des Musikh\u00e4uschens\u201c wird der Gemeinde zugestellt. 630 B\u00fcrger unterzeichneten, obwohl laut Gesetz nur 224 Stimmen erforderlich waren.<\/p>\n<p>24. September:<\/p>\n<p>Platzkonzert in der Stadt Luxemburg<\/p>\n<h4>1996<\/h4>\n<p>2. April:<\/p>\n<p>Nach Ablauf des Mietvertrages der Dorfhalle schlie\u00dfen die KG Spayer Boxel\u00f6fter und die Musikkapelle eine Vereinbarung \u00fcber die Aufl\u00f6sung der Dorfhallengemeinschaft. Die KG Spayer Boxel\u00f6fter sind nun alleiniger Mieter der Dorfhalle!<\/p>\n<p>10.-12. August:<\/p>\n<p>Nachtr\u00e4glich feiern wir unser 35-j\u00e4hriges Jubil\u00e4um zusammen mit der Union Musicale de Spay, Sonntagmorgen gemeinsames Platzkonzert am Boxel\u00f6fterplatz, abends gemeinsame Weinprobe mit dem Dachkammerorchester im Weinkeller des ehemaligen Hotels \u201eDeutsches Haus\u201c.<\/p>\n<p>15. September:<\/p>\n<p>Platzkonzert beim Bundessch\u00fctzenfest in Troisdorf, Mitschnitt durch die Fa. Radio-Bolts aus Bad Zwischenhahn<\/p>\n<p>8. Oktober:<\/p>\n<p>Bauvoranfrage f\u00fcr neues Musikh\u00e4uschen eingereicht<\/p>\n<h4>1997<\/h4>\n<p>25. Januar:<\/p>\n<p>Wir bringen unserem Aktiven, Prinz Werner Wahl, ein St\u00e4ndchen anl\u00e4sslich der 2. Boxel\u00f6fter Sitzung und gestalten das Finale.<\/p>\n<p>1. M\u00e4rz:<\/p>\n<p>Orchesterwochenende in Spay<\/p>\n<p>9. M\u00e4rz:<\/p>\n<p>6. Fr\u00fchjahrskonzert, als Originalmitschnitt wird eine CD produziert<\/p>\n<p>18.-19. April:<\/p>\n<p>Helfertour nach Stuttgart, Miss Saigon, Daimler Benz Museum und Fr\u00fchlingsfest auf den Cannstatter Wasen.<\/p>\n<p>14. September: Erstmals ist die Musikkapelle im SWF in der Sendung \u201eHeimatmusikanten\u201c zu h\u00f6ren.<\/p>\n<h4>1998<\/h4>\n<p>14. M\u00e4rz:<\/p>\n<p>Die Jahreshauptversammlung beschlie\u00dft mit 42 Ja-, 8 Nein- und 6 Enthaltungsstimmen die Annahme des uns von der Gemeinde vorgelegten Nutzungsvertrages f\u00fcr das Musikh\u00e4uschen.<\/p>\n<p>8.-11. Mai:<\/p>\n<p>Jugendzeltlager im Brexbachtal bei Bendorf<\/p>\n<p>17. Mai:<\/p>\n<p>Beim Bundesk\u00f6niginnentag der Sch\u00fctzen gestaltet die Musikkapelle im Stadion von<\/p>\n<p>Metternich, bei 8000 Teilnehmern, den Festgottesdienst!<\/p>\n<h4>1999<\/h4>\n<p>16. Januar:<\/p>\n<p>Ehrendirigent Johann Staaden zu Grabe getragen. Die Musikkapelle gestaltet das Sterbeamt und tr\u00e4gt Sarg und Trauerkerze.<\/p>\n<p>14.-15. Februar:<\/p>\n<p>Die Musikkapelle erscheint erstmals im Fernsehen (Kanal 10) bei den Fastnachtsumz\u00fcgen in Spay und Neuwied.<\/p>\n<p>21. M\u00e4rz:<\/p>\n<p>7. Fr\u00fchjahrskonzert in der Dorfhalle. Zum 1. Mal ist die Halle total ausverkauft. Die Nachwuchsgruppe unter der Leitung von Heinz Schulte gibt eine Einlage zwischen Teil 1 und 2 des Programms.<\/p>\n<p>14. April:<\/p>\n<p>Bauvoranfrage vom 8.10.96 mit Auflagen, positiv beschieden zur\u00fcck<\/p>\n<p>21. Mai:<\/p>\n<p>Bauantrag f\u00fcr Erweiterung\/Renovierung des Musikh\u00e4uschens eingereicht.<\/p>\n<p>7. Juli:<\/p>\n<p>Einvernehmen f\u00fcr den Bauantrag bei der Ortsgemeinde beantragt<\/p>\n<p>24. Oktober:<\/p>\n<p>Konzert des Kreisjugendorchesters in Rhens. Mit Adrian G\u00fcnther und Vimal Vattapillil wirken erstmals auch zwei Jugendliche aus Spay mit.<\/p>\n","protected":false},"excerpt":{"rendered":"<p>1990 1.-3. Juni: 30-j\u00e4hriges Vereinsjubil\u00e4um in der Dorfhalle, Freitag: Festkommers mit den Ch\u00f6ren von Spay und Koblenz-Karthause, Samstag: Konzert mit der Union Musicale, Gro\u00dfer Zapfenstreich mit dem SZ Boppard zur Verabschiedung von Willi Schmidt.&#46;&#46;&#46;<\/p>\n","protected":false},"author":2,"featured_media":0,"parent":118,"menu_order":1990,"comment_status":"closed","ping_status":"closed","template":"","meta":{"footnotes":""},"class_list":["post-325","page","type-page","status-publish","hentry"],"_links":{"self":[{"href":"https:\/\/www.musikkapelle-spay.de\/wordpress\/wp-json\/wp\/v2\/pages\/325","targetHints":{"allow":["GET"]}}],"collection":[{"href":"https:\/\/www.musikkapelle-spay.de\/wordpress\/wp-json\/wp\/v2\/pages"}],"about":[{"href":"https:\/\/www.musikkapelle-spay.de\/wordpress\/wp-json\/wp\/v2\/types\/page"}],"author":[{"embeddable":true,"href":"https:\/\/www.musikkapelle-spay.de\/wordpress\/wp-json\/wp\/v2\/users\/2"}],"replies":[{"embeddable":true,"href":"https:\/\/www.musikkapelle-spay.de\/wordpress\/wp-json\/wp\/v2\/comments?post=325"}],"version-history":[{"count":3,"href":"https:\/\/www.musikkapelle-spay.de\/wordpress\/wp-json\/wp\/v2\/pages\/325\/revisions"}],"predecessor-version":[{"id":327,"href":"https:\/\/www.musikkapelle-spay.de\/wordpress\/wp-json\/wp\/v2\/pages\/325\/revisions\/327"}],"up":[{"embeddable":true,"href":"https:\/\/www.musikkapelle-spay.de\/wordpress\/wp-json\/wp\/v2\/pages\/118"}],"wp:attachment":[{"href":"https:\/\/www.musikkapelle-spay.de\/wordpress\/wp-json\/wp\/v2\/media?parent=325"}],"curies":[{"name":"wp","href":"https:\/\/api.w.org\/{rel}","templated":true}]}}